s the units digit of 2096?
6
What is the tens digit of 9143?
4
What is the units digit of 385?
5
What is the ten thousands digit of 11101?
1
What is the tens digit of 60711?
1
What is the hundreds digit of 1037?
0
What is the tens digit of 826?
2
What is the thousands digit of 84076?
4
What is the hundreds digit of 12939?
9
What is the thousands digit of 16154?
6
What is the hundred thousands digit of 171827?
1
What is the tens digit of 45813?
1
What is the units digit of 78?
8
What is the tens digit of 1015?
1
What is the hundred thousands digit of 132301?
1
What is the hundreds digit of 31972?
9
What is the units digit of 149?
9
What is the hundreds digit of 902?
9
What is the thousands digit of 6352?
6
What is the ten thousands digit of 81248?
8
What is the units digit of 38914?
4
What is the thousands digit of 19300?
9
What is the tens digit of 780?
8
What is the units digit of 1468?
8
What is the tens digit of 50259?
5
What is the tens digit of 36?
3
What is the units digit of 1146?
6
What is the units digit of 3482?
2
What is the units digit of 198?
8
What is the units digit of 46867?
7
What is the tens digit of 919?
1
What is the units digit of 49305?
5
What is the thousands digit of 9373?
9
What is the units digit of 13?
3
What is the tens digit of 1530?
3
What is the ten thousands digit of 53243?
5
What is the hundreds digit of 1492?
4
What is the hundreds digit of 41515?
5
What is the units digit of 6050?
0
What is the hundreds digit of 8370?
3
What is the tens digit of 32759?
5
What is the tens digit of 3651?
5
What is the hundreds digit of 40910?
9
What is the hundreds digit of 5937?
9
What is the thousands digit of 19739?
9
What is the thousands digit of 65125?
5
What is the tens digit of 83536?
3
What is the tens digit of 2711?
1
What is the hundreds digit of 77693?
6
What is the tens digit of 31062?
6
What is the units digit of 9435?
5
What is the tens digit of 6559?
5
What is the units digit of 959?
9
What is the thousands digit of 139852?
9
What is the units digit of 24036?
6
What is the ten thousands digit of 55524?
5
What is the units digit of 957?
7
What is the thousands digit of 23750?
3
What is the ten thousands digit of 12437?
1
What is the units digit of 2029?
9
What is the thousands digit of 2579?
2
What is the units digit of 7383?
3
What is the hundreds digit of 42421?
4
What is the units digit of 2769?
9
What is the hundreds digit of 3422?
4
What is the hundreds digit of 19516?
5
What is the units digit of 71734?
4
What is the hundreds digit of 28111?
1
What is the tens digit of 11634?
3
What is the tens digit of 6295?
9
What is the thousands digit of 10829?
0
What is the units digit of 21490?
0
What is the tens digit of 11623?
2
What is the tens digit of 126822?
2
What is the thousands digit of 46790?
6
What is the hundreds digit of 6673?
6
What is the units digit of 1283?
3
What is the tens digit of 1565?
6
What is the thousands digit of 20313?
0
What is the tens digit of 942?
4
What is the tens digit of 995?
9
What is the tens digit of 27103?
0
What is the thousands digit of 3371?
3
What is the hundreds digit of 4138?
1
What is the hundred thousands digit of 144573?
1
What is the thousands digit of 33298?
3
What is the tens digit of 335?
3
What is the thousands digit of 2973?
2
What is the thousands digit of 8476?
8
What is the ten thousands digit of 58261?
5
What is the thousands digit of 1131?
1
What is the units digit of 793?
3
What is the ten thousands digit of 12712?
1
What is the tens digit of 216?
1
What is the thousands digit of 4247?
4
What is the ten thousands digit of 41847?
4
What is the units digit of 834?
4
What is the thousands digit of 6292?
6
What is the hundreds digit of 44566?
5
What is the tens digit of 4597?
9
What is the hundreds digit of 1869?
8
What is the tens digit of 133212?
1
What is the ten thousands digit of 23978?
2
What is the units digit of 536?
6
What is the tens digit of 638?
3
What is the hundreds digit of 1602?
6
What is the tens digit of 2888?
8
What is the tens digit of 20613?
1
What is the tens digit of 4630?
3
What is the tens digit of 30135?
3
What is the hundreds digit of 16160?
1
What is the hundreds digit of 52727?
7
What is the hundreds digit of 81516?
5
What is the tens digit of 660?
6
What is the hundreds digit of 676?
6
What is the ten thousands digit of 123773?
2
What is the tens digit of 2139?
3
What is the units digit of 47457?
7
What is the units digit of 8901?
1
What is the hundreds digit of 12943?
9
What is the units digit of 7786?
6
What is the units digit of 17593?
3
What is the hundreds digit of 3073?
0
What is the units digit of 2521?
1
What is the hundreds digit of 13455?
4
What is the tens digit of 994?
9
What is the hundreds digit of 4104?
1
What is the tens digit of 1050?
5
What is the hundreds digit of 6861?
8
What is the tens digit of 1023?
2
What is the tens digit of 2262?
6
What is the tens digit of 1309?
0
What is the tens digit of 52198?
9
What is the units digit of 533?
3
What is the hundreds digit of 42969?
9
What is the tens digit of 456?
5
What is the units digit of 567?
7
What is the units digit of 8412?
2
What is the ten thousands digit of 132621?
3
What is the ten thousands digit of 74603?
7
What is the hundreds digit of 12913?
9
What is the units digit of 111721?
1
What is the tens digit of 5318?
1
What is the tens digit of 118392?
9
What is the ten thousands digit of 31423?
3
What is the units digit of 499?
9
What is the units digit of 82?
2
What is the units digit of 943?
3
What is the hundreds digit of 15721?
7
What is the tens digit of 3610?
1
What is the tens digit of 5766?
6
What is the tens digit of 27573?
7
What is the thousands digit of 12483?
2
What is the hundreds digit of 13404?
4
What is the thousands digit of 2201?
2
What is the hundreds digit of 5381?
3
What is the units digit of 590?
0
What is the units digit of 10223?
3
What is the tens digit of 1722?
2
What is the tens digit of 72829?
2
What is the ten thousands digit of 71511?
7
What is the hundreds digit of 1285?
2
What is the tens digit of 6546?
4
What is the thousands digit of 7134?
7
What is the tens digit of 159?
5
What is the units digit of 5793?
3
What is the units digit of 8682?
2
What is the units digit of 1276?
6
What is the thousands digit of 1408?
1
What is the thousands digit of 124935?
4
What is the tens digit of 36960?
6
What is the tens digit of 5088?
8
What is the tens digit of 56162?
6
What is the units digit of 1458?
8
What is the hundreds digit of 357?
3
What is the tens digit of 4462?
6
What is the units digit of 81203?
3
What is the tens digit of 1716?
1
What is the units digit of 7883?
3
What is the units digit of 1628?
8
What is the thousands digit of 75225?
5
What is the hundreds digit of 616?
6
What is the thousands digit of 7013?
7
What is the units digit of 2264?
4
What is the tens digit of 6588?
8
What is the hundreds digit of 1021?
0
What is the thousands digit of 2195?
2
What is the tens digit of 1075?
7
What is the tens digit of 158240?
4
What is the units digit of 1764?
4
What is the units digit of 595?
5
What is the tens digit of 995?
9
What is the units digit of 6841?
1
What is the hundreds digit of 11652?
6
What is the hundreds digit of 994?
9
What is the hundreds digit of 69943?
9
What is the hundreds digit of 896?
8
What is the hundreds digit of 7772?
7
What is the thousands digit of 43223?
3
What is the units digit of 778?
8
What is the thousands digit of 10254?
0
What is the hundred thousands digit of 186301?
1
What is the hundreds digit of 766?
7
What is the ten thousands digit of 67768?
6
What is the tens digit of 1462?
6
What is the tens digit of 39456?
5
What is the units digit of 5385?
5
What is the units digit of 7211?
1
What is the tens digit of 489?
8
What is the tens digit of 945?
4
What is the tens digit of 1506?
0
What is the units digit of 1409?
9
What is the thousands digit of 6122?
6
What is the tens digit of 2222?
2
What is the hundreds digit of 4364?
3
What is the tens digit of 149960?
6
What is the tens digit of 819?
1
What is the units digit of 1442?
2
What is the units digit of 12597?
7
What is the units digit of 18561?
1
What is the hundreds digit of 323?
3
What is the ten thousands digit of 15483?
1
What 